{"id":1265,"date":"2023-01-06T14:40:38","date_gmt":"2023-01-06T14:40:38","guid":{"rendered":"https:\/\/tafii.pl\/?page_id=1265"},"modified":"2024-01-06T22:51:40","modified_gmt":"2024-01-06T22:51:40","slug":"jachtowy-sternik-morski","status":"publish","type":"page","link":"https:\/\/tafii.pl\/index.php\/jachtowy-sternik-morski\/","title":{"rendered":"Jachtowy Sternik Morski"},"content":{"rendered":"\t\t<div data-elementor-type=\"wp-page\" data-elementor-id=\"1265\" class=\"elementor elementor-1265\">\n\t\t\t\t<div class=\"elementor-element elementor-element-77d1648 e-flex e-con-boxed e-con e-parent\" data-id=\"77d1648\" data-element_type=\"container\" data-e-type=\"container\">\n\t\t\t\t\t<div class=\"e-con-inner\">\n\t\t\t\t<div class=\"elementor-element elementor-element-b3345ed elementor-widget elementor-widget-heading\" data-id=\"b3345ed\" data-element_type=\"widget\" data-e-type=\"widget\" data-widget_type=\"heading.default\">\n\t\t\t\t<div class=\"elementor-widget-container\">\n\t\t\t\t\t<h2 class=\"elementor-heading-title elementor-size-default\"><h2 data-elementor-setting-key=\"title\" data-pen-placeholder=\"Pisz tutaj...\" style=\"font-family: var(--total-h-family, Oswald);letter-spacing: normal;font-weight: var(--total-h-weight, 400);font-style: normal;text-transform: none;font-size: calc(var(--total-h-size) * 7\/8)\">JACHTOWY STERNIK MORSKI <\/h2><\/h2>\t\t\t\t<\/div>\n\t\t\t\t<\/div>\n\t\t\t\t\t<\/div>\n\t\t\t\t<\/div>\n\t\t<div class=\"elementor-element elementor-element-d36ef39 e-flex e-con-boxed e-con e-parent\" data-id=\"d36ef39\" data-element_type=\"container\" data-e-type=\"container\">\n\t\t\t\t\t<div class=\"e-con-inner\">\n\t\t\t\t<div class=\"elementor-element elementor-element-6aae13c elementor-widget elementor-widget-heading\" data-id=\"6aae13c\" data-element_type=\"widget\" data-e-type=\"widget\" data-widget_type=\"heading.default\">\n\t\t\t\t<div class=\"elementor-widget-container\">\n\t\t\t\t\t<h2 class=\"elementor-heading-title elementor-size-default\"><strong style=\", serif;font-size: 21px;white-space: normal\">KURS PRAKTYCZNY&nbsp;&nbsp;<\/strong><\/h2>\t\t\t\t<\/div>\n\t\t\t\t<\/div>\n\t\t\t\t\t<\/div>\n\t\t\t\t<\/div>\n\t\t<div class=\"elementor-element elementor-element-88d9677 e-flex e-con-boxed e-con e-parent\" data-id=\"88d9677\" data-element_type=\"container\" data-e-type=\"container\">\n\t\t\t\t\t<div class=\"e-con-inner\">\n\t\t\t\t<div class=\"elementor-element elementor-element-ee38eca elementor-widget elementor-widget-text-editor\" data-id=\"ee38eca\" data-element_type=\"widget\" data-e-type=\"widget\" data-widget_type=\"text-editor.default\">\n\t\t\t\t<div class=\"elementor-widget-container\">\n\t\t\t\t\t\t\t\t\t<p><span style=\"color: #5a5d60; font-family: Lato, sans-serif; font-size: 14px; letter-spacing: -0.2px; text-align: justify;\">W czasie zaj\u0119\u0107 praktycznych przypominamy podstawowe manewry wykonywane w portach oraz na akwenie \u017ceglarskim pod \u017caglami. Tak\u017ce przygotowujemy si\u0119 do manewr\u00f3w egzaminacyjnych. Nauczamy tak\u017ce jak prawid\u0142owo\u00a0<\/span><span style=\"font-style: var(--total-body-style, normal); font-weight: var(--total-body-weight, 400); text-transform: var(--total-body-text-transform, none); color: #5a5d60; font-family: Lato, sans-serif; font-size: 14px; letter-spacing: -0.2px; text-align: justify;\">i w kt\u00f3rym momencie\u00a0<\/span><span style=\"font-style: var(--total-body-style, normal); font-weight: var(--total-body-weight, 400); text-transform: var(--total-body-text-transform, none); color: #5a5d60; font-family: Lato, sans-serif; font-size: 14px; letter-spacing: -0.2px; text-align: justify;\">stawia\u0107 \u017cagle, tak aby bezpiecznie kontynuowa\u0107 dalsz\u0105 \u017ceglug\u0119. B\u0119d\u0105c na wodzie przypominamy o panuj\u0105cych na jachcie zasadach, wracaj\u0105c na l\u0105d pokazujemy w jaki spos\u00f3b zachowywa\u0107 si\u0119 w porcie. W czasie kursu nie brakuje czasu na dodatkowe pytania.\u00a0<\/span><\/p>\t\t\t\t\t\t\t\t<\/div>\n\t\t\t\t<\/div>\n\t\t\t\t\t<\/div>\n\t\t\t\t<\/div>\n\t\t<div class=\"elementor-element elementor-element-dc9e167 e-flex e-con-boxed e-con e-parent\" data-id=\"dc9e167\" data-element_type=\"container\" data-e-type=\"container\">\n\t\t\t\t\t<div class=\"e-con-inner\">\n\t\t\t\t<div class=\"elementor-element elementor-element-e2cc314 elementor-widget elementor-widget-heading\" data-id=\"e2cc314\" data-element_type=\"widget\" data-e-type=\"widget\" data-widget_type=\"heading.default\">\n\t\t\t\t<div class=\"elementor-widget-container\">\n\t\t\t\t\t<h2 class=\"elementor-heading-title elementor-size-default\"><strong style=\", serif;white-space: normal;font-size: 21px\">KURS TEORETYCZNY&nbsp;<\/strong><\/h2>\t\t\t\t<\/div>\n\t\t\t\t<\/div>\n\t\t\t\t\t<\/div>\n\t\t\t\t<\/div>\n\t\t<div class=\"elementor-element elementor-element-1800c6c e-flex e-con-boxed e-con e-parent\" data-id=\"1800c6c\" data-element_type=\"container\" data-e-type=\"container\">\n\t\t\t\t\t<div class=\"e-con-inner\">\n\t\t\t\t<div class=\"elementor-element elementor-element-e1383de elementor-widget elementor-widget-text-editor\" data-id=\"e1383de\" data-element_type=\"widget\" data-e-type=\"widget\" data-widget_type=\"text-editor.default\">\n\t\t\t\t<div class=\"elementor-widget-container\">\n\t\t\t\t\t\t\t\t\t<p><span style=\"color: #5a5d60; font-family: Lato, sans-serif; font-size: 14px; text-align: justify;\">Teori\u0119 prowadzi wykfalifikowana kadra \u017ceglarska w sali wyk\u0142adowej, z wykorzystaniem prezentacji multimedialnych.\u00a0 Skupimy si\u0119 na podstawowych zagadnieniach maj\u0105cych na celu zwi\u0119kszy\u0107 bezpiecze\u0144stwo w czasie p\u0142ywania. Nie zapominaj\u0105c o zagadnieniach potrzebnych do przyst\u0105pienia przed egzaminem. Przed przyst\u0105pieniem do szkolenia oraz egzaminu prosimy zapozna\u0107 si\u0119 z podes\u0142anymi do Pa\u0144stwa zagadnieniami.<\/span><\/p>\t\t\t\t\t\t\t\t<\/div>\n\t\t\t\t<\/div>\n\t\t\t\t\t<\/div>\n\t\t\t\t<\/div>\n\t\t<div class=\"elementor-element elementor-element-e8fac00 e-flex e-con-boxed e-con e-parent\" data-id=\"e8fac00\" data-element_type=\"container\" data-e-type=\"container\">\n\t\t\t\t\t<div class=\"e-con-inner\">\n\t\t\t\t<div class=\"elementor-element elementor-element-f90defc elementor-widget elementor-widget-heading\" data-id=\"f90defc\" data-element_type=\"widget\" data-e-type=\"widget\" data-widget_type=\"heading.default\">\n\t\t\t\t<div class=\"elementor-widget-container\">\n\t\t\t\t\t<h2 class=\"elementor-heading-title elementor-size-default\"><strong style=\", serif;white-space: normal;font-size: 21px\">TERMINY&nbsp;<\/strong><\/h2>\t\t\t\t<\/div>\n\t\t\t\t<\/div>\n\t\t\t\t\t<\/div>\n\t\t\t\t<\/div>\n\t\t<div class=\"elementor-element elementor-element-87be011 e-flex e-con-boxed e-con e-parent\" data-id=\"87be011\" data-element_type=\"container\" data-e-type=\"container\">\n\t\t\t\t\t<div class=\"e-con-inner\">\n\t\t\t\t<div class=\"elementor-element elementor-element-2ad30a6 elementor-widget elementor-widget-text-editor\" data-id=\"2ad30a6\" data-element_type=\"widget\" data-e-type=\"widget\" data-widget_type=\"text-editor.default\">\n\t\t\t\t<div class=\"elementor-widget-container\">\n\t\t\t\t\t\t\t\t\t<p style=\"box-sizing: inherit; margin-bottom: 1.78571em; text-align: justify; word-break: normal; color: #5a5d60; font-family: Lato, sans-serif; font-size: 14px;\">Szkolenia weekendowe odbywaj\u0105 o godzinie 9:00 we wskazanym w mailu miejscu. Zaj\u0119cia teoretyczne trwaj\u0105 od 2 do 3 godzin, zaj\u0119cia praktyczne na wodzie od 2 do 3 godzin. Szkolenie jest ko\u0144czone egzaminem pa\u0144stwowym ostatniego dnia kursu. Koniec kursu oraz egzaminu ko\u0142o 18:30 danego dnia.&nbsp;<\/p>\n<p style=\"box-sizing: inherit; margin-bottom: 1.78571em; text-align: justify; word-break: normal; color: #5a5d60; font-family: Lato, sans-serif; font-size: 14px;\"><span style=\"font-style: var(--total-body-style, normal); font-weight: var(--total-body-weight, 400); letter-spacing: var(--total-body-letter-spacing, 0); text-transform: var(--total-body-text-transform, none);\">Dla grup zorganizowanych minimum 8 os\u00f3b istnienie ustalenie oddzielnego terminu kursu oraz egzaminu.&nbsp;<\/span><\/p>\n<p style=\"box-sizing: inherit; margin-bottom: 1.78571em; text-align: justify; word-break: normal; color: #5a5d60; font-family: Lato, sans-serif; font-size: 14px;\">\u017beby uczestniczy\u0107 w kursie prosz\u0119 zarejestrowa\u0107 si\u0119 przez nasz\u0105 rejestracj\u0119 na stroni<\/p>\t\t\t\t\t\t\t\t<\/div>\n\t\t\t\t<\/div>\n\t\t\t\t<div class=\"elementor-element elementor-element-ee03eb4 elementor-align-center elementor-widget elementor-widget-button\" data-id=\"ee03eb4\" data-element_type=\"widget\" data-e-type=\"widget\" data-widget_type=\"button.default\">\n\t\t\t\t<div class=\"elementor-widget-container\">\n\t\t\t\t\t\t\t\t\t<div class=\"elementor-button-wrapper\">\n\t\t\t\t\t<a class=\"elementor-button elementor-button-link elementor-size-sm\" href=\"https:\/\/tafii.pl\/index.php\/zapisy-na-kurs\/\">\n\t\t\t\t\t\t<span class=\"elementor-button-content-wrapper\">\n\t\t\t\t\t\t\t\t\t<span class=\"elementor-button-text\">REJESTRACJA <\/span>\n\t\t\t\t\t<\/span>\n\t\t\t\t\t<\/a>\n\t\t\t\t<\/div>\n\t\t\t\t\t\t\t\t<\/div>\n\t\t\t\t<\/div>\n\t\t\t\t\t<\/div>\n\t\t\t\t<\/div>\n\t\t<div class=\"elementor-element elementor-element-20d1a92 e-flex e-con-boxed e-con e-parent\" data-id=\"20d1a92\" data-element_type=\"container\" data-e-type=\"container\">\n\t\t\t\t\t<div class=\"e-con-inner\">\n\t\t\t\t<div class=\"elementor-element elementor-element-26c09e3 elementor-widget elementor-widget-heading\" data-id=\"26c09e3\" data-element_type=\"widget\" data-e-type=\"widget\" data-widget_type=\"heading.default\">\n\t\t\t\t<div class=\"elementor-widget-container\">\n\t\t\t\t\t<h2 class=\"elementor-heading-title elementor-size-default\"><strong style=\"text-align: var(--text-align);, serif;white-space: normal;font-size: 21px\">CENNIK<\/strong><\/h2>\t\t\t\t<\/div>\n\t\t\t\t<\/div>\n\t\t\t\t\t<\/div>\n\t\t\t\t<\/div>\n\t\t<div class=\"elementor-element elementor-element-b7fa429 e-flex e-con-boxed e-con e-parent\" data-id=\"b7fa429\" data-element_type=\"container\" data-e-type=\"container\">\n\t\t\t\t\t<div class=\"e-con-inner\">\n\t\t\t\t<div class=\"elementor-element elementor-element-6a37af2 elementor-widget elementor-widget-text-editor\" data-id=\"6a37af2\" data-element_type=\"widget\" data-e-type=\"widget\" data-widget_type=\"text-editor.default\">\n\t\t\t\t<div class=\"elementor-widget-container\">\n\t\t\t\t\t\t\t\t\t<p><span style=\"color: #5a5d60; font-family: Lato, sans-serif; font-size: 14px; text-align: justify;\">\u2022 Cena weekendowego kursu na patent sternika jachtowego wynosi 800 PLN.&nbsp;<\/span><\/p>\n<p><span style=\"color: #5a5d60; font-family: Lato, sans-serif; font-size: 14px; text-align: justify;\">Dla cz\u0142onk\u00f3w Klubu KS TAFII Kolbudy rabat 50 PLN\/750 PLN<\/span><\/p>\t\t\t\t\t\t\t\t<\/div>\n\t\t\t\t<\/div>\n\t\t\t\t\t<\/div>\n\t\t\t\t<\/div>\n\t\t<div class=\"elementor-element elementor-element-a71d5f2 e-flex e-con-boxed e-con e-parent\" data-id=\"a71d5f2\" data-element_type=\"container\" data-e-type=\"container\">\n\t\t\t\t\t<div class=\"e-con-inner\">\n\t\t\t\t<div class=\"elementor-element elementor-element-e7e8764 elementor-widget elementor-widget-heading\" data-id=\"e7e8764\" data-element_type=\"widget\" data-e-type=\"widget\" data-widget_type=\"heading.default\">\n\t\t\t\t<div class=\"elementor-widget-container\">\n\t\t\t\t\t<h2 class=\"elementor-heading-title elementor-size-default\"><h2 data-elementor-setting-key=\"title\" data-pen-placeholder=\"Pisz tutaj...\" style=\"font-family: var(--total-h-family, Oswald);letter-spacing: normal;line-height: var(--total-h-line-height, 1.3);font-weight: var(--total-h-weight, 400);font-style: normal;text-transform: none;font-size: calc(var(--total-h-size) * 7\/8);white-space: normal\"><span style=\", serif\"><span style=\"font-size: 21px\"><span style=\"font-weight: bold\">UPRAWNIENIA&nbsp;<\/span><\/span><\/span><\/h2><\/h2>\t\t\t\t<\/div>\n\t\t\t\t<\/div>\n\t\t\t\t\t<\/div>\n\t\t\t\t<\/div>\n\t\t<div class=\"elementor-element elementor-element-7ca08ff e-flex e-con-boxed e-con e-parent\" data-id=\"7ca08ff\" data-element_type=\"container\" data-e-type=\"container\">\n\t\t\t\t\t<div class=\"e-con-inner\">\n\t\t\t\t<div class=\"elementor-element elementor-element-98d50e8 elementor-widget elementor-widget-text-editor\" data-id=\"98d50e8\" data-element_type=\"widget\" data-e-type=\"widget\" data-widget_type=\"text-editor.default\">\n\t\t\t\t<div class=\"elementor-widget-container\">\n\t\t\t\t\t\t\t\t\t<p><span style=\"color: #5a5d60; font-family: Lato, sans-serif; font-size: 14px; text-align: justify;\">Aby przyst\u0105pi\u0107 do kursu trzeba mie\u0107 uko\u0144czone 18 lat\u00a0<\/span><\/p><p><span style=\"color: #5a5d60; font-family: Lato, sans-serif; font-size: 14px; text-align: justify;\">\u00a0<\/span><\/p><p><span style=\"color: #5a5d60; font-family: Lato, sans-serif; font-size: 14px; text-align: justify;\">Uzyskane przez ciebie uprawnienia zezwalaj\u0105 Tobie na:<\/span><\/p><ul><li style=\"list-style-type: none;\"><ul><li><span style=\"color: #5a5d60; font-family: Lato, sans-serif; font-size: 14px; text-align: justify;\">prowadzenie jacht\u00f3w \u017caglowych, kt\u00f3re mog\u0105 by\u0107 wyposa\u017cone w pomocniczy nap\u0119d mechaniczny, po wodach \u015br\u00f3dl\u0105dowych\u00a0<\/span><\/li><li><span style=\"color: #5a5d60; font-family: Lato, sans-serif; font-size: 14px; text-align: justify; font-style: var(--total-body-style, normal); font-weight: var(--total-body-weight, 400); letter-spacing: var(--total-body-letter-spacing, 0); text-transform: var(--total-body-text-transform, none);\">prowadzenie jacht\u00f3w \u017caglowych, kt\u00f3re mog\u0105 by\u0107 wyposa\u017cone w pomocniczy nap\u0119d mechaniczny, o d\u0142ugo\u015bci kad\u0142uba do 18 M po wodach morskich\u00a0<\/span><\/li><\/ul><\/li><\/ul><p><span style=\"color: #5a5d60; font-family: Lato, sans-serif; font-size: 14px; text-align: justify;\">W cenie nie jest zawarta op\u0142ata egzaminu pa\u0144stwowego:<\/span><\/p><ul><li style=\"list-style-type: none;\"><ul><li><span style=\"color: #5a5d60; font-family: Lato, sans-serif; font-size: 14px; text-align: justify;\">350 PLN op\u0142ata pe\u0142na\u00a0<\/span><\/li><li><span style=\"color: #5a5d60; font-family: Lato, sans-serif; font-size: 14px; text-align: justify;\">175 PLN dotyczy uczni\u00f3w i student\u00f3w do 26 lat z wa\u017cn\u0105 legitymacj\u0105\u00a0<\/span><\/li><li><span style=\"color: #5a5d60; font-family: Lato, sans-serif; font-size: 14px; text-align: justify;\">50 PLN\/ 25 PLN op\u0142ata za wydanie patentu (do uregulowania przelewem przy wyrabianiu patentu na stronie zwi\u0105zku PZMiNW po zdanym egzaminie)<\/span><\/li><li><span style=\"color: #5a5d60; font-family: Lato, sans-serif; font-size: 14px; text-align: justify;\">50 PLN op\u0142ata za organizacj\u0119 egzaminu\u00a0<\/span><\/li><\/ul><\/li><\/ul>\t\t\t\t\t\t\t\t<\/div>\n\t\t\t\t<\/div>\n\t\t\t\t\t<\/div>\n\t\t\t\t<\/div>\n\t\t<div class=\"elementor-element elementor-element-731c41d e-flex e-con-boxed e-con e-parent\" data-id=\"731c41d\" data-element_type=\"container\" data-e-type=\"container\">\n\t\t\t\t\t<div class=\"e-con-inner\">\n\t\t\t\t<div class=\"elementor-element elementor-element-a3dae76 elementor-widget elementor-widget-heading\" data-id=\"a3dae76\" data-element_type=\"widget\" data-e-type=\"widget\" data-widget_type=\"heading.default\">\n\t\t\t\t<div class=\"elementor-widget-container\">\n\t\t\t\t\t<h2 class=\"elementor-heading-title elementor-size-default\"><h2 data-elementor-setting-key=\"title\" data-pen-placeholder=\"Pisz tutaj...\" style=\"font-family: var(--total-h-family, Oswald);letter-spacing: normal;line-height: var(--total-h-line-height, 1.3);font-weight: var(--total-h-weight, 400);font-style: normal;text-transform: none;font-size: calc(var(--total-h-size) * 7\/8);white-space: normal\"><span style=\", serif\"><span style=\"font-size: 21px\"><span style=\"font-weight: bold\">FORMALNO\u015aCI ZWI\u0104ZANE Z EGZAMINEM&nbsp;&nbsp;<\/span><\/span><\/span><\/h2><\/h2>\t\t\t\t<\/div>\n\t\t\t\t<\/div>\n\t\t\t\t\t<\/div>\n\t\t\t\t<\/div>\n\t\t<div class=\"elementor-element elementor-element-4a0f9d1 e-flex e-con-boxed e-con e-parent\" data-id=\"4a0f9d1\" data-element_type=\"container\" data-e-type=\"container\">\n\t\t\t\t\t<div class=\"e-con-inner\">\n\t\t\t\t<div class=\"elementor-element elementor-element-7fe9f68 elementor-widget elementor-widget-text-editor\" data-id=\"7fe9f68\" data-element_type=\"widget\" data-e-type=\"widget\" data-widget_type=\"text-editor.default\">\n\t\t\t\t<div class=\"elementor-widget-container\">\n\t\t\t\t\t\t\t\t\t<p><span style=\"color: rgb(90, 93, 96); font-family: Lato, sans-serif; font-size: 14px; text-align: justify;\">Z\u0142o\u017cenie wniosku o dopuszczenie do egzaminu oraz wniesienie op\u0142aty.&nbsp;<\/span><br><\/p>\t\t\t\t\t\t\t\t<\/div>\n\t\t\t\t<\/div>\n\t\t\t\t\t<\/div>\n\t\t\t\t<\/div>\n\t\t<div class=\"elementor-element elementor-element-35be1e7 e-flex e-con-boxed e-con e-parent\" data-id=\"35be1e7\" data-element_type=\"container\" data-e-type=\"container\">\n\t\t\t\t\t<div class=\"e-con-inner\">\n\t\t\t\t<div class=\"elementor-element elementor-element-e569aec elementor-widget elementor-widget-heading\" data-id=\"e569aec\" data-element_type=\"widget\" data-e-type=\"widget\" data-widget_type=\"heading.default\">\n\t\t\t\t<div class=\"elementor-widget-container\">\n\t\t\t\t\t<h2 class=\"elementor-heading-title elementor-size-default\"><h2 data-elementor-setting-key=\"title\" data-pen-placeholder=\"Pisz tutaj...\" style=\"font-family: var(--total-h-family, Oswald);letter-spacing: normal;line-height: var(--total-h-line-height, 1.3);font-weight: var(--total-h-weight, 400);font-style: normal;text-transform: none;font-size: calc(var(--total-h-size) * 7\/8);white-space: normal\"><span style=\", serif\"><span style=\"font-size: 21px\"><span style=\"font-weight: bold\">CO ZABRA\u0106 ZE SOB\u0104 NA KURS&nbsp;&nbsp;<\/span><\/span><\/span><\/h2><\/h2>\t\t\t\t<\/div>\n\t\t\t\t<\/div>\n\t\t\t\t\t<\/div>\n\t\t\t\t<\/div>\n\t\t<div class=\"elementor-element elementor-element-0f678ab e-flex e-con-boxed e-con e-parent\" data-id=\"0f678ab\" data-element_type=\"container\" data-e-type=\"container\">\n\t\t\t\t\t<div class=\"e-con-inner\">\n\t\t\t\t<div class=\"elementor-element elementor-element-19524d3 elementor-widget elementor-widget-text-editor\" data-id=\"19524d3\" data-element_type=\"widget\" data-e-type=\"widget\" data-widget_type=\"text-editor.default\">\n\t\t\t\t<div class=\"elementor-widget-container\">\n\t\t\t\t\t\t\t\t\t<p><span style=\"color: #5a5d60; font-family: Lato, sans-serif; font-size: 14px; text-align: justify;\">Na kurs warto zabra\u0107 cieplejsze rzeczy. Jak wiemy na wodzie jest zawsze zimniej ni\u017c na l\u0105dzie. Przydadz\u0105 si\u0119 tak\u017ce okulary przeciws\u0142oneczne oraz obuwie na zmian\u0119. W miesi\u0105cach zimniejszych warto mie\u0107 r\u0119kawiczki. Na zaj\u0119cia teoretyczne polecamy zabra\u0107 ze sob\u0105 zeszyt i d\u0142ugopis aby zapisa\u0107 potrzebne informacje. Polecamy tak\u017ce aby ka\u017cdy uczestnik zabra\u0142 ze sob\u0105 co\u015b do zjedzenia w przerwie mi\u0119dzy teori\u0105 a praktyk\u0105.\u00a0<\/span><\/p>\t\t\t\t\t\t\t\t<\/div>\n\t\t\t\t<\/div>\n\t\t\t\t\t<\/div>\n\t\t\t\t<\/div>\n\t\t<div class=\"elementor-element elementor-element-9f27c61 e-flex e-con-boxed e-con e-parent\" data-id=\"9f27c61\" data-element_type=\"container\" data-e-type=\"container\">\n\t\t\t\t\t<div class=\"e-con-inner\">\n\t\t\t\t<div class=\"elementor-element elementor-element-26f3d87 elementor-widget elementor-widget-image\" data-id=\"26f3d87\" data-element_type=\"widget\" data-e-type=\"widget\" data-widget_type=\"image.default\">\n\t\t\t\t<div class=\"elementor-widget-container\">\n\t\t\t\t\t\t\t\t\t\t\t\t\t\t\t<img fetchpriority=\"high\" decoding=\"async\" width=\"640\" height=\"360\" src=\"https:\/\/tafii.pl\/wp-content\/uploads\/2022\/12\/vlcsnap-2022-12-28-23h15m09s427-1-1024x576.png\" class=\"attachment-large size-large wp-image-1088\" alt=\"\" srcset=\"https:\/\/tafii.pl\/wp-content\/uploads\/2022\/12\/vlcsnap-2022-12-28-23h15m09s427-1-1024x576.png 1024w, https:\/\/tafii.pl\/wp-content\/uploads\/2022\/12\/vlcsnap-2022-12-28-23h15m09s427-1-300x169.png 300w, https:\/\/tafii.pl\/wp-content\/uploads\/2022\/12\/vlcsnap-2022-12-28-23h15m09s427-1-768x432.png 768w, https:\/\/tafii.pl\/wp-content\/uploads\/2022\/12\/vlcsnap-2022-12-28-23h15m09s427-1-1536x864.png 1536w, https:\/\/tafii.pl\/wp-content\/uploads\/2022\/12\/vlcsnap-2022-12-28-23h15m09s427-1-1320x743.png 1320w, https:\/\/tafii.pl\/wp-content\/uploads\/2022\/12\/vlcsnap-2022-12-28-23h15m09s427-1-600x338.png 600w, https:\/\/tafii.pl\/wp-content\/uploads\/2022\/12\/vlcsnap-2022-12-28-23h15m09s427-1.png 1920w\" sizes=\"(max-width: 640px) 100vw, 640px\" \/>\t\t\t\t\t\t\t\t\t\t\t\t\t\t\t<\/div>\n\t\t\t\t<\/div>\n\t\t\t\t\t<\/div>\n\t\t\t\t<\/div>\n\t\t\t\t<\/div>\n\t\t","protected":false},"excerpt":{"rendered":"<p>JACHTOWY STERNIK MORSKI KURS PRAKTYCZNY&nbsp;&nbsp; W czasie zaj\u0119\u0107 praktycznych przypominamy podstawowe manewry wykonywane w portach oraz na akwenie \u017ceglarskim pod \u017caglami. Tak\u017ce przygotowujemy si\u0119 do manewr\u00f3w egzaminacyjnych. Nauczamy tak\u017ce jak prawid\u0142owo\u00a0i w kt\u00f3rym momencie\u00a0stawia\u0107 \u017cagle, tak aby bezpiecznie kontynuowa\u0107 dalsz\u0105 \u017ceglug\u0119. B\u0119d\u0105c na wodzie przypominamy o panuj\u0105cych na jachcie zasadach, wracaj\u0105c na l\u0105d pokazujemy w [&hellip;]<\/p>\n","protected":false},"author":2,"featured_media":0,"parent":0,"menu_order":0,"comment_status":"closed","ping_status":"closed","template":"","meta":{"footnotes":""},"class_list":["post-1265","page","type-page","status-publish","hentry"],"jetpack_sharing_enabled":true,"_links":{"self":[{"href":"https:\/\/tafii.pl\/index.php\/wp-json\/wp\/v2\/pages\/1265","targetHints":{"allow":["GET"]}}],"collection":[{"href":"https:\/\/tafii.pl\/index.php\/wp-json\/wp\/v2\/pages"}],"about":[{"href":"https:\/\/tafii.pl\/index.php\/wp-json\/wp\/v2\/types\/page"}],"author":[{"embeddable":true,"href":"https:\/\/tafii.pl\/index.php\/wp-json\/wp\/v2\/users\/2"}],"replies":[{"embeddable":true,"href":"https:\/\/tafii.pl\/index.php\/wp-json\/wp\/v2\/comments?post=1265"}],"version-history":[{"count":16,"href":"https:\/\/tafii.pl\/index.php\/wp-json\/wp\/v2\/pages\/1265\/revisions"}],"predecessor-version":[{"id":2123,"href":"https:\/\/tafii.pl\/index.php\/wp-json\/wp\/v2\/pages\/1265\/revisions\/2123"}],"wp:attachment":[{"href":"https:\/\/tafii.pl\/index.php\/wp-json\/wp\/v2\/media?parent=1265"}],"curies":[{"name":"wp","href":"https:\/\/api.w.org\/{rel}","templated":true}]}}