{"id":1270,"date":"2023-01-06T14:44:42","date_gmt":"2023-01-06T14:44:42","guid":{"rendered":"https:\/\/tafii.pl\/?page_id=1270"},"modified":"2024-01-06T22:52:11","modified_gmt":"2024-01-06T22:52:11","slug":"motorowodny-sternik-morski","status":"publish","type":"page","link":"https:\/\/tafii.pl\/index.php\/motorowodny-sternik-morski\/","title":{"rendered":"MOTOROWODNY STERNIK MORSKI"},"content":{"rendered":"\t\t<div data-elementor-type=\"wp-page\" data-elementor-id=\"1270\" class=\"elementor elementor-1270\">\n\t\t\t\t<div class=\"elementor-element elementor-element-8a2ffa2 e-flex e-con-boxed e-con e-parent\" data-id=\"8a2ffa2\" data-element_type=\"container\" data-e-type=\"container\">\n\t\t\t\t\t<div class=\"e-con-inner\">\n\t\t\t\t<div class=\"elementor-element elementor-element-fb70446 elementor-widget elementor-widget-heading\" data-id=\"fb70446\" data-element_type=\"widget\" data-e-type=\"widget\" data-widget_type=\"heading.default\">\n\t\t\t\t<div class=\"elementor-widget-container\">\n\t\t\t\t\t<h2 class=\"elementor-heading-title elementor-size-default\">MOTOROWODY STERNIK MORSKI <\/h2>\t\t\t\t<\/div>\n\t\t\t\t<\/div>\n\t\t\t\t<div class=\"elementor-element elementor-element-e99d9f3 elementor-widget elementor-widget-text-editor\" data-id=\"e99d9f3\" data-element_type=\"widget\" data-e-type=\"widget\" data-widget_type=\"text-editor.default\">\n\t\t\t\t<div class=\"elementor-widget-container\">\n\t\t\t\t\t\t\t\t\t<p><strong>KURS PRAKTYCZNY\u00a0\u00a0<\/strong><\/p>\t\t\t\t\t\t\t\t<\/div>\n\t\t\t\t<\/div>\n\t\t\t\t<div class=\"elementor-element elementor-element-7a6691c elementor-widget elementor-widget-text-editor\" data-id=\"7a6691c\" data-element_type=\"widget\" data-e-type=\"widget\" data-widget_type=\"text-editor.default\">\n\t\t\t\t<div class=\"elementor-widget-container\">\n\t\t\t\t\t\t\t\t\t<p><span style=\"color: #5a5d60; font-family: Lato, sans-serif; font-size: 14px; letter-spacing: -0.2px; text-align: var(--text-align); font-style: var(--total-body-style, normal); font-weight: var(--total-body-weight, 400); text-transform: var(--total-body-text-transform, none);\">Na zaj\u0119ciach praktycznych przypominamy podstawowe manewry wykonywane w portach\u00a0 oraz przygotowujemy si\u0119 do manewr\u00f3w b\u0119d\u0105cych na egzaminie. Nauczamy tak\u017ce jak prawid\u0142owo wprowadzi\u0107 RIBA w \u015blizg, tak aby przyjemno\u015b\u0107 z p\u0142ywanie by\u0142a jak najwi\u0119ksza. W czasie kursu nie brakuje czasu na dodatkowe pytania.\u00a0<\/span><\/p>\t\t\t\t\t\t\t\t<\/div>\n\t\t\t\t<\/div>\n\t\t\t\t<div class=\"elementor-element elementor-element-0611ce2 elementor-widget elementor-widget-text-editor\" data-id=\"0611ce2\" data-element_type=\"widget\" data-e-type=\"widget\" data-widget_type=\"text-editor.default\">\n\t\t\t\t<div class=\"elementor-widget-container\">\n\t\t\t\t\t\t\t\t\t<p><strong style=\"font-size: 21px;\">KURS TEORETYCZNY\u00a0<\/strong><\/p>\t\t\t\t\t\t\t\t<\/div>\n\t\t\t\t<\/div>\n\t\t\t\t<div class=\"elementor-element elementor-element-d4905d6 elementor-widget elementor-widget-text-editor\" data-id=\"d4905d6\" data-element_type=\"widget\" data-e-type=\"widget\" data-widget_type=\"text-editor.default\">\n\t\t\t\t<div class=\"elementor-widget-container\">\n\t\t\t\t\t\t\t\t\t<p style=\"box-sizing: inherit; word-break: normal; margin-bottom: 1.78571em; color: #5a5d60; font-family: Lato, sans-serif; font-size: 14px;\">Teori\u0119 prowadzimy w sali szk\u00f3\u0142kowej, z wykorzystaniem prezentacji multimedialnych.\u00a0 Skupimy si\u0119 na podstawowych zagadnieniach maj\u0105cych na celu zwi\u0119kszy\u0107 bezpiecze\u0144stwo w czasie p\u0142ywania. Nie zapominaj\u0105c o zagadnieniach potrzebnych do przyst\u0105pienia przed egzaminem. Przed przyst\u0105pieniem do szkolenia oraz egzaminu prosimy zapozna\u0107 si\u0119 z podes\u0142anymi do Pa\u0144stwa zagadnieniami.\u00a0<span style=\"color: var(--total-content-text-color); font-family: var(--total-body-family, 'Pontano Sans', sans-serif); font-size: var(--total-body-size, 17px); font-style: var(--total-body-style, normal); font-weight: var(--total-body-weight, 400); letter-spacing: var(--total-body-letter-spacing, 0); text-transform: var(--total-body-text-transform, none);\">\u00a0<\/span><\/p>\t\t\t\t\t\t\t\t<\/div>\n\t\t\t\t<\/div>\n\t\t\t\t<div class=\"elementor-element elementor-element-1564f4f elementor-widget elementor-widget-text-editor\" data-id=\"1564f4f\" data-element_type=\"widget\" data-e-type=\"widget\" data-widget_type=\"text-editor.default\">\n\t\t\t\t<div class=\"elementor-widget-container\">\n\t\t\t\t\t\t\t\t\t<p><strong style=\"font-size: 21px;\">TERMINY\u00a0<\/strong><\/p>\t\t\t\t\t\t\t\t<\/div>\n\t\t\t\t<\/div>\n\t\t\t\t<div class=\"elementor-element elementor-element-3be4168 elementor-widget elementor-widget-text-editor\" data-id=\"3be4168\" data-element_type=\"widget\" data-e-type=\"widget\" data-widget_type=\"text-editor.default\">\n\t\t\t\t<div class=\"elementor-widget-container\">\n\t\t\t\t\t\t\t\t\t<p style=\"box-sizing: inherit; margin-bottom: 1.78571em; text-align: justify; word-break: normal; color: #5a5d60; font-family: Lato, sans-serif; font-size: 14px;\">Szkolenia odbywaj\u0105 si\u0119 zazwyczaj w weekendy o godzinie 9:00 we wskazanym w mailu miejscu. Zaj\u0119cia teoretyczne trwaj\u0105 od 5 do 6 godzin, zaj\u0119cia praktyczne na wodzie od 2 do 3 godzin. Szkolenie jest ko\u0144czone egzaminem pa\u0144stwowym tego samego dnia. Koniec kursu oraz egzaminu ko\u0142o 18:30 danego dnia.\u00a0<\/p><p style=\"box-sizing: inherit; margin-bottom: 1.78571em; text-align: justify; word-break: normal; color: #5a5d60; font-family: Lato, sans-serif; font-size: 14px;\">Dla grup zorganizowanych minimum 8 os\u00f3b istnienie ustalenie oddzielnego terminu kursu oraz egzaminu.\u00a0<\/p><p style=\"box-sizing: inherit; margin-bottom: 1.78571em; text-align: justify; word-break: normal; color: #5a5d60; font-family: Lato, sans-serif; font-size: 14px;\">\u017beby uczestniczy\u0107 w kursie prosz\u0119 zarejestrowa\u0107 si\u0119 przez nasz\u0105 rejestracj\u0119 na stronie.<span style=\"color: var(--total-content-text-color); font-family: var(--total-body-family, 'Pontano Sans', sans-serif); font-size: var(--total-body-size, 17px); font-style: var(--total-body-style, normal); font-weight: var(--total-body-weight, 400); letter-spacing: var(--total-body-letter-spacing, 0); text-transform: var(--total-body-text-transform, none);\">\u00a0<\/span><\/p>\t\t\t\t\t\t\t\t<\/div>\n\t\t\t\t<\/div>\n\t\t\t\t<div class=\"elementor-element elementor-element-e3a247a elementor-align-center elementor-widget elementor-widget-button\" data-id=\"e3a247a\" data-element_type=\"widget\" data-e-type=\"widget\" data-widget_type=\"button.default\">\n\t\t\t\t<div class=\"elementor-widget-container\">\n\t\t\t\t\t\t\t\t\t<div class=\"elementor-button-wrapper\">\n\t\t\t\t\t<a class=\"elementor-button elementor-button-link elementor-size-sm\" href=\"https:\/\/tafii.pl\/index.php\/zapisy-na-kurs\/\">\n\t\t\t\t\t\t<span class=\"elementor-button-content-wrapper\">\n\t\t\t\t\t\t\t\t\t<span class=\"elementor-button-text\">REJESTRACJA<\/span>\n\t\t\t\t\t<\/span>\n\t\t\t\t\t<\/a>\n\t\t\t\t<\/div>\n\t\t\t\t\t\t\t\t<\/div>\n\t\t\t\t<\/div>\n\t\t\t\t<div class=\"elementor-element elementor-element-5c9dbe9 elementor-widget elementor-widget-heading\" data-id=\"5c9dbe9\" data-element_type=\"widget\" data-e-type=\"widget\" data-widget_type=\"heading.default\">\n\t\t\t\t<div class=\"elementor-widget-container\">\n\t\t\t\t\t<h2 class=\"elementor-heading-title elementor-size-default\"><font color=\"#333333\" face=\"Open Sans, serif\"><span style=\"font-size: 21px;white-space: normal\"><b>CENNIK<\/b><\/span><\/font><\/h2>\t\t\t\t<\/div>\n\t\t\t\t<\/div>\n\t\t\t\t<div class=\"elementor-element elementor-element-fb93d25 elementor-widget elementor-widget-text-editor\" data-id=\"fb93d25\" data-element_type=\"widget\" data-e-type=\"widget\" data-widget_type=\"text-editor.default\">\n\t\t\t\t<div class=\"elementor-widget-container\">\n\t\t\t\t\t\t\t\t\t<p><span style=\"color: #5a5d60; font-family: Lato, sans-serif; font-size: 14px; text-align: justify;\">Cena jednodniowego kursu na patent sternika motorowodnego wynosi 800 PLN.&nbsp;<\/span><\/p>\n<p><span style=\"color: #5a5d60; font-family: Lato, sans-serif; font-size: 14px; text-align: justify;\">Dla cz\u0142onk\u00f3w Klubu KS TAFII Kolbudy rabat 50 PLN\/750 PLN<\/span><\/p>\n<p style=\"text-align: justify;\">\n<\/p>\t\t\t\t\t\t\t\t<\/div>\n\t\t\t\t<\/div>\n\t\t\t\t<div class=\"elementor-element elementor-element-5d40ac2 elementor-widget elementor-widget-text-editor\" data-id=\"5d40ac2\" data-element_type=\"widget\" data-e-type=\"widget\" data-widget_type=\"text-editor.default\">\n\t\t\t\t<div class=\"elementor-widget-container\">\n\t\t\t\t\t\t\t\t\t<h2 style=\"font-family: var(--total-h-family, Oswald); letter-spacing: normal; font-weight: var(--total-h-weight, 400); font-style: normal; text-decoration-thickness: initial; text-decoration-style: initial; text-decoration-color: initial; text-transform: none; font-size: calc(var(--total-h-size) * 7\/8);\" data-elementor-setting-key=\"title\" data-pen-placeholder=\"Pisz tutaj...\"><span style=\"color: #333333; font-family: Open Sans, serif;\"><span style=\"font-size: 21px; white-space: normal;\"><span style=\"font-weight: bold;\">UPRAWNIENIA\u00a0<\/span><\/span><\/span><\/h2>\t\t\t\t\t\t\t\t<\/div>\n\t\t\t\t<\/div>\n\t\t\t\t<div class=\"elementor-element elementor-element-6b0cb6f elementor-widget elementor-widget-text-editor\" data-id=\"6b0cb6f\" data-element_type=\"widget\" data-e-type=\"widget\" data-widget_type=\"text-editor.default\">\n\t\t\t\t<div class=\"elementor-widget-container\">\n\t\t\t\t\t\t\t\t\t<p><span style=\"color: #5a5d60; font-family: Lato, sans-serif; font-size: 14px; text-align: justify;\">Aby przyst\u0105pi\u0107 do kursu trzeba mie\u0107 uko\u0144czone 18 lat\u00a0<\/span><\/p><p><span style=\"color: #5a5d60; font-family: Lato, sans-serif; font-size: 14px; text-align: justify;\">\u00a0<\/span><\/p><p><span style=\"color: #5a5d60; font-family: Lato, sans-serif; font-size: 14px; text-align: justify;\">Uzyskane przez ciebie uprawnienia zezwalaj\u0105 Tobie na:<\/span><\/p><ul><li style=\"list-style-type: none;\"><ul><li><span style=\"color: #5a5d60; font-family: Lato, sans-serif; font-size: 14px; text-align: justify;\">prowadzenie jacht\u00f3w motorowych po wodach \u015br\u00f3dl\u0105dowych\u00a0<\/span><\/li><li><span style=\"color: #5a5d60; font-family: Lato, sans-serif; font-size: 14px; text-align: justify;\">prowadzenie jacht\u00f3w motorowych o d\u0142ugo\u015bci kad\u0142uba do 18 M po wodach morskich<\/span><\/li><\/ul><\/li><\/ul><p><span style=\"color: #5a5d60; font-family: Lato, sans-serif; font-size: 14px; text-align: justify;\">\u00a0<\/span><\/p><p><span style=\"color: #5a5d60; font-family: Lato, sans-serif; font-size: 14px; text-align: justify;\">W cenie nie jest zawarta op\u0142ata egzaminu pa\u0144stwowego:<\/span><\/p><ul><li style=\"list-style-type: none;\"><ul><li><span style=\"color: #5a5d60; font-family: Lato, sans-serif; font-size: 14px; text-align: justify;\">350 PLN op\u0142ata pe\u0142na\u00a0<\/span><\/li><li><span style=\"color: #5a5d60; font-family: Lato, sans-serif; font-size: 14px; text-align: justify;\">175 PLN dotyczy uczni\u00f3w i student\u00f3w do 26 lat z wa\u017cn\u0105 legitymacj\u0105\u00a0<\/span><\/li><li><span style=\"color: #5a5d60; font-family: Lato, sans-serif; font-size: 14px; text-align: justify;\">50 PLN\/ 25 PLN op\u0142ata za wydanie patentu (do uregulowania przelewem przy wyrabianiu patentu na stronie zwi\u0105zku PZMiNW po zdanym egzaminie)<\/span><\/li><li><span style=\"color: #5a5d60; font-family: Lato, sans-serif; font-size: 14px; text-align: justify;\">50 PLN op\u0142ata za organizacj\u0119 egzaminu\u00a0<\/span><\/li><\/ul><\/li><\/ul>\t\t\t\t\t\t\t\t<\/div>\n\t\t\t\t<\/div>\n\t\t\t\t<div class=\"elementor-element elementor-element-3234cab elementor-widget elementor-widget-text-editor\" data-id=\"3234cab\" data-element_type=\"widget\" data-e-type=\"widget\" data-widget_type=\"text-editor.default\">\n\t\t\t\t<div class=\"elementor-widget-container\">\n\t\t\t\t\t\t\t\t\t<h2 style=\"font-family: var(--total-h-family, Oswald); letter-spacing: normal; line-height: var(--total-h-line-height, 1.3); font-weight: var(--total-h-weight, 400); font-style: normal; text-decoration-thickness: initial; text-decoration-style: initial; text-decoration-color: initial; text-transform: none; font-size: calc(var(--total-h-size) * 7\/8);\" data-elementor-setting-key=\"title\" data-pen-placeholder=\"Pisz tutaj...\"><span style=\"color: #333333; font-family: 'Open Sans', serif;\"><span style=\"font-size: 21px;\"><span style=\"font-weight: bold;\">FORMALNO\u015aCI ZWI\u0104ZANE Z EGZAMINEM&nbsp;&nbsp;<\/span><\/span><\/span><\/h2>\t\t\t\t\t\t\t\t<\/div>\n\t\t\t\t<\/div>\n\t\t\t\t<div class=\"elementor-element elementor-element-d63690c elementor-widget elementor-widget-text-editor\" data-id=\"d63690c\" data-element_type=\"widget\" data-e-type=\"widget\" data-widget_type=\"text-editor.default\">\n\t\t\t\t<div class=\"elementor-widget-container\">\n\t\t\t\t\t\t\t\t\t<p><span style=\"color: rgb(90, 93, 96); font-family: Lato, sans-serif; font-size: 14px; text-align: justify;\">Z\u0142o\u017cenie wniosku o dopuszczenie do egzaminu oraz wniesienie op\u0142aty.&nbsp;<\/span><br><\/p>\t\t\t\t\t\t\t\t<\/div>\n\t\t\t\t<\/div>\n\t\t\t\t<div class=\"elementor-element elementor-element-1457ff7 elementor-widget elementor-widget-text-editor\" data-id=\"1457ff7\" data-element_type=\"widget\" data-e-type=\"widget\" data-widget_type=\"text-editor.default\">\n\t\t\t\t<div class=\"elementor-widget-container\">\n\t\t\t\t\t\t\t\t\t<h2 style=\"font-family: var(--total-h-family, Oswald); letter-spacing: normal; line-height: var(--total-h-line-height, 1.3); font-weight: var(--total-h-weight, 400); font-style: normal; text-decoration-thickness: initial; text-decoration-style: initial; text-decoration-color: initial; text-transform: none; font-size: calc(var(--total-h-size) * 7\/8);\" data-elementor-setting-key=\"title\" data-pen-placeholder=\"Pisz tutaj...\"><span style=\"color: #333333; font-family: 'Open Sans', serif;\"><span style=\"font-size: 21px;\"><span style=\"font-weight: bold;\">CO ZABRA\u0106 ZE SOB\u0104 NA KURS\u00a0\u00a0<\/span><\/span><\/span><\/h2>\t\t\t\t\t\t\t\t<\/div>\n\t\t\t\t<\/div>\n\t\t\t\t<div class=\"elementor-element elementor-element-4f3d78d elementor-widget elementor-widget-text-editor\" data-id=\"4f3d78d\" data-element_type=\"widget\" data-e-type=\"widget\" data-widget_type=\"text-editor.default\">\n\t\t\t\t<div class=\"elementor-widget-container\">\n\t\t\t\t\t\t\t\t\t<p><span style=\"color: #5a5d60; font-family: Lato, sans-serif; font-size: 14px; text-align: justify;\">Na kurs warto zabra\u0107 cieplejsze rzeczy. Jak wiemy na wodzie jest zawsze zimniej ni\u017c na l\u0105dzie. Zw\u0142aszcza przy wi\u0119kszych pr\u0119dko\u015bciach. Przydadz\u0105 si\u0119 tak\u017ce okulary przeciws\u0142oneczne oraz obuwie na zmian\u0119. W miesi\u0105cach zimniejszych warto mie\u0107 r\u0119kawiczki. Na zaj\u0119cia teoretyczne polecamy zabra\u0107 ze sob\u0105 zeszyt i d\u0142ugopis aby zapisa\u0107 potrzebne informacje. Proponujemy tak\u017ce aby ka\u017cdy uczestnik zabra\u0142 ze sob\u0105 co\u015b do zjedzenia w przerwie mi\u0119dzy teori\u0105 a praktyk\u0105.&nbsp;<\/span><\/p>\t\t\t\t\t\t\t\t<\/div>\n\t\t\t\t<\/div>\n\t\t\t\t<div class=\"elementor-element elementor-element-2c9d584 elementor-widget elementor-widget-image\" data-id=\"2c9d584\" data-element_type=\"widget\" data-e-type=\"widget\" data-widget_type=\"image.default\">\n\t\t\t\t<div class=\"elementor-widget-container\">\n\t\t\t\t\t\t\t\t\t\t\t\t\t\t\t<img fetchpriority=\"high\" decoding=\"async\" width=\"640\" height=\"480\" src=\"https:\/\/tafii.pl\/wp-content\/uploads\/2023\/01\/IMG_5619-1-1024x768.jpg\" class=\"attachment-large size-large wp-image-1369\" alt=\"\" srcset=\"https:\/\/tafii.pl\/wp-content\/uploads\/2023\/01\/IMG_5619-1-1024x768.jpg 1024w, https:\/\/tafii.pl\/wp-content\/uploads\/2023\/01\/IMG_5619-1-300x225.jpg 300w, https:\/\/tafii.pl\/wp-content\/uploads\/2023\/01\/IMG_5619-1-768x576.jpg 768w, https:\/\/tafii.pl\/wp-content\/uploads\/2023\/01\/IMG_5619-1-1536x1152.jpg 1536w, https:\/\/tafii.pl\/wp-content\/uploads\/2023\/01\/IMG_5619-1-2048x1536.jpg 2048w, https:\/\/tafii.pl\/wp-content\/uploads\/2023\/01\/IMG_5619-1-1320x990.jpg 1320w, https:\/\/tafii.pl\/wp-content\/uploads\/2023\/01\/IMG_5619-1-600x450.jpg 600w\" sizes=\"(max-width: 640px) 100vw, 640px\" \/>\t\t\t\t\t\t\t\t\t\t\t\t\t\t\t<\/div>\n\t\t\t\t<\/div>\n\t\t\t\t\t<\/div>\n\t\t\t\t<\/div>\n\t\t\t\t<\/div>\n\t\t","protected":false},"excerpt":{"rendered":"<p>MOTOROWODY STERNIK MORSKI KURS PRAKTYCZNY\u00a0\u00a0 Na zaj\u0119ciach praktycznych przypominamy podstawowe manewry wykonywane w portach\u00a0 oraz przygotowujemy si\u0119 do manewr\u00f3w b\u0119d\u0105cych na egzaminie. Nauczamy tak\u017ce jak prawid\u0142owo wprowadzi\u0107 RIBA w \u015blizg, tak aby przyjemno\u015b\u0107 z p\u0142ywanie by\u0142a jak najwi\u0119ksza. W czasie kursu nie brakuje czasu na dodatkowe pytania.\u00a0 KURS TEORETYCZNY\u00a0 Teori\u0119 prowadzimy w sali szk\u00f3\u0142kowej, z [&hellip;]<\/p>\n","protected":false},"author":3,"featured_media":0,"parent":0,"menu_order":0,"comment_status":"closed","ping_status":"closed","template":"","meta":{"footnotes":""},"class_list":["post-1270","page","type-page","status-publish","hentry"],"jetpack_sharing_enabled":true,"_links":{"self":[{"href":"https:\/\/tafii.pl\/index.php\/wp-json\/wp\/v2\/pages\/1270","targetHints":{"allow":["GET"]}}],"collection":[{"href":"https:\/\/tafii.pl\/index.php\/wp-json\/wp\/v2\/pages"}],"about":[{"href":"https:\/\/tafii.pl\/index.php\/wp-json\/wp\/v2\/types\/page"}],"author":[{"embeddable":true,"href":"https:\/\/tafii.pl\/index.php\/wp-json\/wp\/v2\/users\/3"}],"replies":[{"embeddable":true,"href":"https:\/\/tafii.pl\/index.php\/wp-json\/wp\/v2\/comments?post=1270"}],"version-history":[{"count":55,"href":"https:\/\/tafii.pl\/index.php\/wp-json\/wp\/v2\/pages\/1270\/revisions"}],"predecessor-version":[{"id":2126,"href":"https:\/\/tafii.pl\/index.php\/wp-json\/wp\/v2\/pages\/1270\/revisions\/2126"}],"wp:attachment":[{"href":"https:\/\/tafii.pl\/index.php\/wp-json\/wp\/v2\/media?parent=1270"}],"curies":[{"name":"wp","href":"https:\/\/api.w.org\/{rel}","templated":true}]}}