{"id":2043,"date":"2023-12-02T13:50:49","date_gmt":"2023-12-02T13:50:49","guid":{"rendered":"https:\/\/tafii.pl\/?page_id=2043"},"modified":"2024-01-06T22:55:09","modified_gmt":"2024-01-06T22:55:09","slug":"zapisy-na-kurs","status":"publish","type":"page","link":"https:\/\/tafii.pl\/index.php\/zapisy-na-kurs\/","title":{"rendered":"ZAPISY NA KURS I EGZAMIN"},"content":{"rendered":"\t\t<div data-elementor-type=\"wp-page\" data-elementor-id=\"2043\" class=\"elementor elementor-2043\">\n\t\t\t\t<div class=\"elementor-element elementor-element-bb65c12 e-flex e-con-boxed e-con e-parent\" data-id=\"bb65c12\" data-element_type=\"container\" data-e-type=\"container\">\n\t\t\t\t\t<div class=\"e-con-inner\">\n\t\t\t\t<div class=\"elementor-element elementor-element-7f44d9f elementor-widget elementor-widget-heading\" data-id=\"7f44d9f\" data-element_type=\"widget\" data-e-type=\"widget\" data-widget_type=\"heading.default\">\n\t\t\t\t<div class=\"elementor-widget-container\">\n\t\t\t\t\t<h2 class=\"elementor-heading-title elementor-size-default\">FORMULARZ ZG\u0141OSZE\u0143 <\/h2>\t\t\t\t<\/div>\n\t\t\t\t<\/div>\n\t\t\t\t\t<\/div>\n\t\t\t\t<\/div>\n\t\t<div class=\"elementor-element elementor-element-0fa30ab e-flex e-con-boxed e-con e-parent\" data-id=\"0fa30ab\" data-element_type=\"container\" data-e-type=\"container\">\n\t\t\t\t\t<div class=\"e-con-inner\">\n\t\t\t\t<div class=\"elementor-element elementor-element-bac2f50 elementor-widget__width-initial elementor-widget elementor-widget-text-editor\" data-id=\"bac2f50\" data-element_type=\"widget\" data-e-type=\"widget\" data-widget_type=\"text-editor.default\">\n\t\t\t\t<div class=\"elementor-widget-container\">\n\t\t\t\t\t\t\t\t\t<div class=\"wpforms-container wpforms-container-full\" id=\"wpforms-2045\"><form id=\"wpforms-form-2045\" class=\"wpforms-validate wpforms-form wpforms-ajax-form\" data-formid=\"2045\" method=\"post\" enctype=\"multipart\/form-data\" action=\"\/index.php\/wp-json\/wp\/v2\/pages\/2043\" data-token=\"f1f3b80622f68b4d75eca07b43ec1681\" data-token-time=\"1776603246\"><noscript class=\"wpforms-error-noscript\">Please enable JavaScript in your browser to complete this form.<\/noscript><div class=\"wpforms-field-container\"><div id=\"wpforms-2045-field_12-container\" class=\"wpforms-field wpforms-field-text\" data-field-id=\"12\"><label class=\"wpforms-field-label\" for=\"wpforms-2045-field_12\">IMI\u0118 NAZWISKO <\/label><input type=\"text\" id=\"wpforms-2045-field_12\" class=\"wpforms-field-medium\" name=\"wpforms[fields][12]\" ><\/div><div id=\"wpforms-2045-field_2-container\" class=\"wpforms-field wpforms-field-text\" data-field-id=\"2\"><label class=\"wpforms-field-label\" for=\"wpforms-2045-field_2\">DATA URODZENIA <\/label><input type=\"text\" id=\"wpforms-2045-field_2\" class=\"wpforms-field-medium\" name=\"wpforms[fields][2]\" ><\/div><div id=\"wpforms-2045-field_3-container\" class=\"wpforms-field wpforms-field-text\" data-field-id=\"3\"><label class=\"wpforms-field-label\" for=\"wpforms-2045-field_3\">NUMER TELEFONU<\/label><input type=\"text\" id=\"wpforms-2045-field_3\" class=\"wpforms-field-medium\" name=\"wpforms[fields][3]\" ><\/div><div id=\"wpforms-2045-field_7-container\" class=\"wpforms-field wpforms-field-email\" data-field-id=\"7\"><label class=\"wpforms-field-label\" for=\"wpforms-2045-field_7\">Email <span class=\"wpforms-required-label\">*<\/span><\/label><input type=\"email\" id=\"wpforms-2045-field_7\" class=\"wpforms-field-medium wpforms-field-required\" name=\"wpforms[fields][7]\" spellcheck=\"false\" required><\/div><div id=\"wpforms-2045-field_9-container\" class=\"wpforms-field wpforms-field-checkbox\" data-field-id=\"9\"><label class=\"wpforms-field-label\">KURS Z EGZAMINEM<\/label><ul id=\"wpforms-2045-field_9\"><li class=\"choice-1 depth-1\"><input type=\"checkbox\" id=\"wpforms-2045-field_9_1\" name=\"wpforms[fields][9][]\" value=\"TAK\"  ><label class=\"wpforms-field-label-inline\" for=\"wpforms-2045-field_9_1\">TAK<\/label><\/li><li class=\"choice-2 depth-1\"><input type=\"checkbox\" id=\"wpforms-2045-field_9_2\" name=\"wpforms[fields][9][]\" value=\"NIE\"  ><label class=\"wpforms-field-label-inline\" for=\"wpforms-2045-field_9_2\">NIE<\/label><\/li><\/ul><\/div><div id=\"wpforms-2045-field_10-container\" class=\"wpforms-field wpforms-field-radio\" data-field-id=\"10\"><label class=\"wpforms-field-label\">WYB\u00d3R KURSU <\/label><ul id=\"wpforms-2045-field_10\"><li class=\"choice-1 depth-1\"><input type=\"radio\" id=\"wpforms-2045-field_10_1\" name=\"wpforms[fields][10]\" value=\"STERNIK MOTOROWODNY\"  ><label class=\"wpforms-field-label-inline\" for=\"wpforms-2045-field_10_1\">STERNIK MOTOROWODNY<\/label><\/li><li class=\"choice-3 depth-1\"><input type=\"radio\" id=\"wpforms-2045-field_10_3\" name=\"wpforms[fields][10]\" value=\"MOTOROWODNY STERNIK MORSKI\"  ><label class=\"wpforms-field-label-inline\" for=\"wpforms-2045-field_10_3\">MOTOROWODNY STERNIK MORSKI<\/label><\/li><li class=\"choice-5 depth-1\"><input type=\"radio\" id=\"wpforms-2045-field_10_5\" name=\"wpforms[fields][10]\" value=\"HOLOWANIE NARCIARZA WODNEGO\"  ><label class=\"wpforms-field-label-inline\" for=\"wpforms-2045-field_10_5\">HOLOWANIE NARCIARZA WODNEGO<\/label><\/li><\/ul><\/div><div id=\"wpforms-2045-field_11-container\" class=\"wpforms-field wpforms-field-radio\" data-field-id=\"11\"><label class=\"wpforms-field-label\">TERMINY:<\/label><ul id=\"wpforms-2045-field_11\"><li class=\"choice-1 depth-1\"><input type=\"radio\" id=\"wpforms-2045-field_11_1\" name=\"wpforms[fields][11]\" value=\"19 MAj 2024\"  ><label class=\"wpforms-field-label-inline\" for=\"wpforms-2045-field_11_1\">19 MAj 2024<\/label><\/li><\/ul><div class=\"wpforms-field-description\">PROSZ\u0118 O WYBRANIE JEDNEGO TERMINU. \r\nLICZBA MIEJSC OGRANICZONA. <\/div><\/div><\/div><!-- .wpforms-field-container --><div class=\"wpforms-recaptcha-container wpforms-is-recaptcha wpforms-is-recaptcha-type-v2\" ><div class=\"g-recaptcha\" data-sitekey=\"6Ldl5MEjAAAAAPJU0s4oldbEJx4QHHKo_kMScK7j\"><\/div><input type=\"text\" name=\"g-recaptcha-hidden\" class=\"wpforms-recaptcha-hidden\" style=\"position:absolute!important;clip:rect(0,0,0,0)!important;height:1px!important;width:1px!important;border:0!important;overflow:hidden!important;padding:0!important;margin:0!important;\" data-rule-recaptcha=\"1\"><\/div><div class=\"wpforms-submit-container\" ><input type=\"hidden\" name=\"wpforms[id]\" value=\"2045\"><input type=\"hidden\" name=\"page_title\" value=\"\"><input type=\"hidden\" name=\"page_url\" value=\"https:\/\/tafii.pl\/index.php\/wp-json\/wp\/v2\/pages\/2043\"><input type=\"hidden\" name=\"url_referer\" value=\"\"><button type=\"submit\" name=\"wpforms[submit]\" id=\"wpforms-submit-2045\" class=\"wpforms-submit\" data-alt-text=\"Sending...\" data-submit-text=\"WY\u015aLIJ\" aria-live=\"assertive\" value=\"wpforms-submit\">WY\u015aLIJ<\/button><img decoding=\"async\" src=\"https:\/\/tafii.pl\/wp-content\/plugins\/wpforms-lite\/assets\/images\/submit-spin.svg\" class=\"wpforms-submit-spinner\" style=\"display: none;\" width=\"26\" height=\"26\" alt=\"Loading\"><\/div><\/form><\/div>  <!-- .wpforms-container -->\t\t\t\t\t\t\t\t<\/div>\n\t\t\t\t<\/div>\n\t\t\t\t\t<\/div>\n\t\t\t\t<\/div>\n\t\t<div class=\"elementor-element elementor-element-4be08f9 e-flex e-con-boxed e-con e-parent\" data-id=\"4be08f9\" data-element_type=\"container\" data-e-type=\"container\">\n\t\t\t\t\t<div class=\"e-con-inner\">\n\t\t\t\t<div class=\"elementor-element elementor-element-0def216 elementor-widget elementor-widget-heading\" data-id=\"0def216\" data-element_type=\"widget\" data-e-type=\"widget\" data-widget_type=\"heading.default\">\n\t\t\t\t<div class=\"elementor-widget-container\">\n\t\t\t\t\t<h2 class=\"elementor-heading-title elementor-size-default\">INFORMACJE O KURSIE<\/h2>\t\t\t\t<\/div>\n\t\t\t\t<\/div>\n\t\t\t\t<div class=\"elementor-element elementor-element-5a9fa49 elementor-widget elementor-widget-text-editor\" data-id=\"5a9fa49\" data-element_type=\"widget\" data-e-type=\"widget\" data-widget_type=\"text-editor.default\">\n\t\t\t\t<div class=\"elementor-widget-container\">\n\t\t\t\t\t\t\t\t\t<p>Informacje na temat kursu zostan\u0105 podes\u0142ane na wpisane przez Pa\u0144stwa adresy mailowe. Prosimy o \u015bledzenie skrzynek mailowych.&nbsp;<\/p><p><br><\/p><p><br><\/p>\t\t\t\t\t\t\t\t<\/div>\n\t\t\t\t<\/div>\n\t\t\t\t\t<\/div>\n\t\t\t\t<\/div>\n\t\t<div class=\"elementor-element elementor-element-a2d8bc7 e-flex e-con-boxed e-con e-parent\" data-id=\"a2d8bc7\" data-element_type=\"container\" data-e-type=\"container\">\n\t\t\t\t\t<div class=\"e-con-inner\">\n\t\t\t\t<div class=\"elementor-element elementor-element-7abc7b8 elementor-widget elementor-widget-heading\" data-id=\"7abc7b8\" data-element_type=\"widget\" data-e-type=\"widget\" data-widget_type=\"heading.default\">\n\t\t\t\t<div class=\"elementor-widget-container\">\n\t\t\t\t\t<h2 class=\"elementor-heading-title elementor-size-default\">DANE DO PRZELEWU ZA KURS:<\/h2>\t\t\t\t<\/div>\n\t\t\t\t<\/div>\n\t\t\t\t<div class=\"elementor-element elementor-element-1a81e89 elementor-widget elementor-widget-text-editor\" data-id=\"1a81e89\" data-element_type=\"widget\" data-e-type=\"widget\" data-widget_type=\"text-editor.default\">\n\t\t\t\t<div class=\"elementor-widget-container\">\n\t\t\t\t\t\t\t\t\t<p>KLUB SPORTOWY TAFII KOLBUDY\u00a0<\/p><p>NUMER KONTA: 50 10<span style=\"text-align: var(--text-align); color: var(--total-content-text-color); font-family: var(--total-body-family, 'Pontano Sans', sans-serif); font-size: var(--total-body-size, 17px); font-style: var(--total-body-style, normal); font-weight: var(--total-body-weight, 400); letter-spacing: var(--total-body-letter-spacing, 0); text-transform: var(--total-body-text-transform, none);\">90 1098 0000 0001 5152 8195<\/span><\/p><p>W TYTULE PROSZ\u0118 PODA\u0106 IMI\u0118 I NAZWISKO ORAZ RODZAJ KURSU I TERMIN\u00a0<\/p><p>UWAGA: INFORMACJE O P\u0141ATNO\u015aCI ZA EGZAMIN B\u0118D\u0104 PODANE W MAILU WYS\u0141\u0104NEGO NA PODANE PRZEZ PA\u0143STWA ADRESY.\u00a0<\/p><p>\u00a0<\/p>\t\t\t\t\t\t\t\t<\/div>\n\t\t\t\t<\/div>\n\t\t\t\t\t<\/div>\n\t\t\t\t<\/div>\n\t\t\t\t<\/div>\n\t\t","protected":false},"excerpt":{"rendered":"<p>FORMULARZ ZG\u0141OSZE\u0143 INFORMACJE O KURSIE Informacje na temat kursu zostan\u0105 podes\u0142ane na wpisane przez Pa\u0144stwa adresy mailowe. Prosimy o \u015bledzenie skrzynek mailowych.&nbsp; DANE DO PRZELEWU ZA KURS: KLUB SPORTOWY TAFII KOLBUDY\u00a0 NUMER KONTA: 50 1090 1098 0000 0001 5152 8195 W TYTULE PROSZ\u0118 PODA\u0106 IMI\u0118 I NAZWISKO ORAZ RODZAJ KURSU I TERMIN\u00a0 UWAGA: INFORMACJE O [&hellip;]<\/p>\n","protected":false},"author":3,"featured_media":0,"parent":0,"menu_order":0,"comment_status":"closed","ping_status":"closed","template":"","meta":{"footnotes":""},"class_list":["post-2043","page","type-page","status-publish","hentry"],"jetpack_sharing_enabled":true,"_links":{"self":[{"href":"https:\/\/tafii.pl\/index.php\/wp-json\/wp\/v2\/pages\/2043","targetHints":{"allow":["GET"]}}],"collection":[{"href":"https:\/\/tafii.pl\/index.php\/wp-json\/wp\/v2\/pages"}],"about":[{"href":"https:\/\/tafii.pl\/index.php\/wp-json\/wp\/v2\/types\/page"}],"author":[{"embeddable":true,"href":"https:\/\/tafii.pl\/index.php\/wp-json\/wp\/v2\/users\/3"}],"replies":[{"embeddable":true,"href":"https:\/\/tafii.pl\/index.php\/wp-json\/wp\/v2\/comments?post=2043"}],"version-history":[{"count":14,"href":"https:\/\/tafii.pl\/index.php\/wp-json\/wp\/v2\/pages\/2043\/revisions"}],"predecessor-version":[{"id":2129,"href":"https:\/\/tafii.pl\/index.php\/wp-json\/wp\/v2\/pages\/2043\/revisions\/2129"}],"wp:attachment":[{"href":"https:\/\/tafii.pl\/index.php\/wp-json\/wp\/v2\/media?parent=2043"}],"curies":[{"name":"wp","href":"https:\/\/api.w.org\/{rel}","templated":true}]}}