{"id":51,"date":"2020-10-08T05:44:54","date_gmt":"2020-10-08T05:44:54","guid":{"rendered":"https:\/\/demo.hashthemes.com\/total\/education\/?page_id=51"},"modified":"2023-06-22T20:08:53","modified_gmt":"2023-06-22T20:08:53","slug":"about-us","status":"publish","type":"page","link":"https:\/\/tafii.pl\/index.php\/about-us\/","title":{"rendered":"O NAS"},"content":{"rendered":"\t\t<div data-elementor-type=\"wp-page\" data-elementor-id=\"51\" class=\"elementor elementor-51\">\n\t\t\t\t\t\t<section class=\"elementor-section elementor-top-section elementor-element elementor-element-7461e98 elementor-section-stretched elementor-section-boxed elementor-section-height-default elementor-section-height-default\" data-id=\"7461e98\" data-element_type=\"section\" data-e-type=\"section\" data-settings=\"{&quot;stretch_section&quot;:&quot;section-stretched&quot;,&quot;background_background&quot;:&quot;classic&quot;}\">\n\t\t\t\t\t\t<div class=\"elementor-container elementor-column-gap-default\">\n\t\t\t\t\t<div class=\"elementor-column elementor-col-50 elementor-top-column elementor-element elementor-element-b65221f\" data-id=\"b65221f\" data-element_type=\"column\" data-e-type=\"column\">\n\t\t\t<div class=\"elementor-widget-wrap elementor-element-populated\">\n\t\t\t\t\t\t<div class=\"elementor-element elementor-element-2f0d6ee elementor-widget elementor-widget-heading\" data-id=\"2f0d6ee\" data-element_type=\"widget\" data-e-type=\"widget\" data-widget_type=\"heading.default\">\n\t\t\t\t<div class=\"elementor-widget-container\">\n\t\t\t\t\t<h1 class=\"elementor-heading-title elementor-size-default\">O NAS<\/h1>\t\t\t\t<\/div>\n\t\t\t\t<\/div>\n\t\t\t\t\t<\/div>\n\t\t<\/div>\n\t\t\t\t<div class=\"elementor-column elementor-col-50 elementor-top-column elementor-element elementor-element-937ef2a\" data-id=\"937ef2a\" data-element_type=\"column\" data-e-type=\"column\">\n\t\t\t<div class=\"elementor-widget-wrap\">\n\t\t\t\t\t\t\t<\/div>\n\t\t<\/div>\n\t\t\t\t\t<\/div>\n\t\t<\/section>\n\t\t<div class=\"elementor-element elementor-element-a2d46c4 e-flex e-con-boxed e-con e-parent\" data-id=\"a2d46c4\" data-element_type=\"container\" data-e-type=\"container\">\n\t\t\t\t\t<div class=\"e-con-inner\">\n\t\t<div class=\"elementor-element elementor-element-afa938b e-con-full e-flex e-con e-child\" data-id=\"afa938b\" data-element_type=\"container\" data-e-type=\"container\">\n\t\t\t\t<div class=\"elementor-element elementor-element-d19125b elementor-widget elementor-widget-image\" data-id=\"d19125b\" data-element_type=\"widget\" data-e-type=\"widget\" data-widget_type=\"image.default\">\n\t\t\t\t<div class=\"elementor-widget-container\">\n\t\t\t\t\t\t\t\t\t\t\t\t\t\t\t<img fetchpriority=\"high\" decoding=\"async\" width=\"500\" height=\"500\" src=\"https:\/\/tafii.pl\/wp-content\/uploads\/2022\/12\/LOGO_TAFII.png\" class=\"attachment-large size-large wp-image-1114\" alt=\"\" srcset=\"https:\/\/tafii.pl\/wp-content\/uploads\/2022\/12\/LOGO_TAFII.png 500w, https:\/\/tafii.pl\/wp-content\/uploads\/2022\/12\/LOGO_TAFII-300x300.png 300w, https:\/\/tafii.pl\/wp-content\/uploads\/2022\/12\/LOGO_TAFII-150x150.png 150w, https:\/\/tafii.pl\/wp-content\/uploads\/2022\/12\/LOGO_TAFII-400x400.png 400w, https:\/\/tafii.pl\/wp-content\/uploads\/2022\/12\/LOGO_TAFII-100x100.png 100w, https:\/\/tafii.pl\/wp-content\/uploads\/2022\/12\/elementor\/thumbs\/LOGO_TAFII-pzw9tbz2fhvfowyooy5loogrv9pkaze46rb09en22s.png 250w, https:\/\/tafii.pl\/wp-content\/uploads\/2022\/12\/elementor\/thumbs\/LOGO_TAFII-pzw9tbz1tkh7vwvthhq0mn1lcllqz3s98v0f6peg28.png 200w\" sizes=\"(max-width: 500px) 100vw, 500px\" \/>\t\t\t\t\t\t\t\t\t\t\t\t\t\t\t<\/div>\n\t\t\t\t<\/div>\n\t\t\t\t<\/div>\n\t\t<div class=\"elementor-element elementor-element-31b1087 e-con-full e-flex e-con e-child\" data-id=\"31b1087\" data-element_type=\"container\" data-e-type=\"container\">\n\t\t\t\t<div class=\"elementor-element elementor-element-4ab4c82 elementor-widget elementor-widget-heading\" data-id=\"4ab4c82\" data-element_type=\"widget\" data-e-type=\"widget\" data-widget_type=\"heading.default\">\n\t\t\t\t<div class=\"elementor-widget-container\">\n\t\t\t\t\t<h2 class=\"elementor-heading-title elementor-size-xxl\">MISJA<\/h2>\t\t\t\t<\/div>\n\t\t\t\t<\/div>\n\t\t\t\t<div class=\"elementor-element elementor-element-4adcc23 elementor-widget elementor-widget-heading\" data-id=\"4adcc23\" data-element_type=\"widget\" data-e-type=\"widget\" data-widget_type=\"heading.default\">\n\t\t\t\t<div class=\"elementor-widget-container\">\n\t\t\t\t\t<h2 class=\"elementor-heading-title elementor-size-default\">KLUBU SPORTOWEGO TAFII <\/h2>\t\t\t\t<\/div>\n\t\t\t\t<\/div>\n\t\t\t\t<div class=\"elementor-element elementor-element-e8a3d5c elementor-widget elementor-widget-text-editor\" data-id=\"e8a3d5c\" data-element_type=\"widget\" data-e-type=\"widget\" data-widget_type=\"text-editor.default\">\n\t\t\t\t<div class=\"elementor-widget-container\">\n\t\t\t\t\t\t\t\t\t<p style=\"text-align: center;\"><span style=\"text-align: center;\">Misj\u0105 KS TAFII jest wychowanie oraz usamodzielnienie poprzez treningi i wyjazdy.&nbsp; \u017beglarstwo jest to sport, o kt\u00f3rym nie da rady zapomnie\u0107, dlatego nasz\u0105 wiedz\u0119 przekazujemy z rado\u015bci\u0105 jak\u0105 mamy z nauczania \u017ceglarstwa. Naszym za\u0142o\u017ceniem jest, aby nasi podopieczni mieli mo\u017cliwo\u015b\u0107 rozwija\u0107 swoj\u0105 pasj\u0119 oraz przekazywa\u0107 j\u0105 swoim pokoleniom. Uczestnictwo w zaj\u0119ciach uczy pracy w grupie oraz funkcjonowania w spo\u0142ecze\u0144stwie.<\/span><\/p>\t\t\t\t\t\t\t\t<\/div>\n\t\t\t\t<\/div>\n\t\t\t\t<\/div>\n\t\t\t\t\t<\/div>\n\t\t\t\t<\/div>\n\t\t\t\t<\/div>\n\t\t","protected":false},"excerpt":{"rendered":"<p>O NAS MISJA KLUBU SPORTOWEGO TAFII Misj\u0105 KS TAFII jest wychowanie oraz usamodzielnienie poprzez treningi i wyjazdy.&nbsp; \u017beglarstwo jest to sport, o kt\u00f3rym nie da rady zapomnie\u0107, dlatego nasz\u0105 wiedz\u0119 przekazujemy z rado\u015bci\u0105 jak\u0105 mamy z nauczania \u017ceglarstwa. Naszym za\u0142o\u017ceniem jest, aby nasi podopieczni mieli mo\u017cliwo\u015b\u0107 rozwija\u0107 swoj\u0105 pasj\u0119 oraz przekazywa\u0107 j\u0105 swoim pokoleniom. Uczestnictwo [&hellip;]<\/p>\n","protected":false},"author":2,"featured_media":0,"parent":0,"menu_order":0,"comment_status":"closed","ping_status":"closed","template":"elementor_header_footer","meta":{"footnotes":""},"class_list":["post-51","page","type-page","status-publish","hentry"],"jetpack_sharing_enabled":true,"_links":{"self":[{"href":"https:\/\/tafii.pl\/index.php\/wp-json\/wp\/v2\/pages\/51","targetHints":{"allow":["GET"]}}],"collection":[{"href":"https:\/\/tafii.pl\/index.php\/wp-json\/wp\/v2\/pages"}],"about":[{"href":"https:\/\/tafii.pl\/index.php\/wp-json\/wp\/v2\/types\/page"}],"author":[{"embeddable":true,"href":"https:\/\/tafii.pl\/index.php\/wp-json\/wp\/v2\/users\/2"}],"replies":[{"embeddable":true,"href":"https:\/\/tafii.pl\/index.php\/wp-json\/wp\/v2\/comments?post=51"}],"version-history":[{"count":35,"href":"https:\/\/tafii.pl\/index.php\/wp-json\/wp\/v2\/pages\/51\/revisions"}],"predecessor-version":[{"id":1764,"href":"https:\/\/tafii.pl\/index.php\/wp-json\/wp\/v2\/pages\/51\/revisions\/1764"}],"wp:attachment":[{"href":"https:\/\/tafii.pl\/index.php\/wp-json\/wp\/v2\/media?parent=51"}],"curies":[{"name":"wp","href":"https:\/\/api.w.org\/{rel}","templated":true}]}}